{"id":386,"date":"2021-02-14T23:23:48","date_gmt":"2021-02-14T23:23:48","guid":{"rendered":"https:\/\/benitonazar.edu.ar\/?page_id=386"},"modified":"2024-03-21T18:02:06","modified_gmt":"2024-03-21T21:02:06","slug":"proyecto-ingles","status":"publish","type":"page","link":"https:\/\/benitonazar.edu.ar\/?page_id=386","title":{"rendered":"Proyecto Ingl\u00e9s"},"content":{"rendered":"<p>[vc_row css=&#8221;.vc_custom_1501154025747{margin-bottom: 25px !important;}&#8221;][vc_column css=&#8221;.vc_custom_1490017810346{margin-bottom: 0px !important;}&#8221;][vc_custom_heading text=&#8221;INGL\u00c9S&#8221; font_container=&#8221;tag:h1|text_align:left&#8221; use_theme_fonts=&#8221;yes&#8221; css=&#8221;.vc_custom_1625173056790{margin-top: 0px !important;margin-bottom: 20px !important;}&#8221;][vc_custom_heading text=&#8221;Proyecto&#8221; font_container=&#8221;tag:h4|text_align:left&#8221; use_theme_fonts=&#8221;yes&#8221; css=&#8221;.vc_custom_1613345196789{margin-top: 0px !important;margin-bottom: 20px !important;}&#8221;][\/vc_column][\/vc_row][vc_row css=&#8221;.vc_custom_1487939485688{margin-bottom: 15px !important;}&#8221;][vc_column width=&#8221;7\/12&#8243; css=&#8221;.vc_custom_1711054699185{margin-bottom: 0px !important;}&#8221;][vc_column_text css=&#8221;.vc_custom_1679374041986{padding-left: 15px !important;}&#8221;]<strong>OBJETIVOS<\/strong><\/p>\n<p>Que el alumno incorpore el idioma de manera natural para lograr desempe\u00f1arse en un mundo cada vez m\u00e1s interconectado.<br \/>\nDesarrollar en los ni\u00f1os y los adolescentes las competencias interculturales necesarias para enfrentar los desaf\u00edos que plantea la sociedad.<\/p>\n<p>&nbsp;<\/p>\n<p><strong>NIVEL INICIAL<\/strong><\/p>\n<ul>\n<li>Sala de 3 y 4 a\u00f1os\n<ul>\n<li><span style=\"font-weight: 400;\">1 hora c\u00e1tedra semanal en el turno oficial.<\/span><\/li>\n<li><span style=\"font-weight: 400;\">2 horas c\u00e1tedra semanales en el contra turno optativo<\/span><\/li>\n<\/ul>\n<\/li>\n<li>Sala de 5 a\u00f1os\n<ul>\n<li>4 horas c\u00e1tedra semanales<\/li>\n<\/ul>\n<\/li>\n<\/ul>\n<p>&nbsp;<\/p>\n<p><strong>NIVEL PRIMARIO<\/strong><\/p>\n<ul>\n<li>8 horas c\u00e1tedras semanales<\/li>\n<\/ul>\n<p>&nbsp;<\/p>\n<p><strong>METODOLOG\u00cdA DE LA ENSE\u00d1ANZA<\/strong><\/p>\n<p>Desde la Sala de 3 a\u00f1os se propicia que los ni\u00f1os vayan incorporando el uso del idioma de manera natural, a trav\u00e9s de juegos, canciones, cuentos, videos, m\u00faltiples actividades y tambi\u00e9n, cuadernillos de trabajo a partir de la Sala de 4 a\u00f1os. Se trabaja la expresi\u00f3n verbal y la adquisici\u00f3n de un lenguaje fluido con continuidad en la escuela primaria y secundaria.<\/p>\n<p>En el Nivel Primario, se impulsa a los alumnos a expresarse de manera oral y escrita respetando pautas de entonaci\u00f3n y pronunciaci\u00f3n, coherencia y cohesi\u00f3n para llevar a cabo sus intenciones comunicativas.<\/p>\n<p>En las clases se trabajan las cuatro habilidades a trav\u00e9s de libros, videos, cuentos, canciones, actividades interactivas, etc. Se hace hincapi\u00e9 en la adquisici\u00f3n de vocabulario y conocimiento del mundo en general. Se estimula el uso del idioma en situaciones de comunicaci\u00f3n relevantes para los alumnos en relaci\u00f3n con la comprensi\u00f3n y producci\u00f3n de textos orales, escritos, audiovisuales, multimodales, multimediales, entre otros.<\/p>\n<p>Se trabaja el desarrollo del esp\u00edritu cr\u00edtico y la imaginaci\u00f3n por medio de la resoluci\u00f3n de tareas acerca de temas significativos que estimulen la curiosidad y la capacidad de descubrir, analizar, relacionar, interpretar, evaluar, reflexionar y actuar, entre otras.<\/p>\n<p>&nbsp;<\/p>\n<p><strong>PROYECTOS PEDAG\u00d3GICOS<\/strong><\/p>\n<ul>\n<li>Como sede examinadora de Trinity College London, consejo examinador internacional y organizaci\u00f3n ben\u00e9fica educativa independiente que proporciona evaluaciones externas alrededor del mundo desde 1877, ofrecemos la posibilidad de rendir el examen Trinity GESE \u2013 GradedExaminations in Spoken English. Reconocimiento internacional: Los ex\u00e1menes de ingl\u00e9s Trinity son regulados de forma externa en el Reino Unido y reconocidos por las universidades, autoridades educativas y organizaciones comerciales en todo el mundo como prueba s\u00f3lida y fiable de dominio de la lengua inglesa.<\/li>\n<li>Proyecto inform\u00e1tico: utilizaci\u00f3n de Software educativo y aplicaci\u00f3n de recursos inform\u00e1ticos, herramientas interactivas, medios textuales y audiovisuales.<\/li>\n<li>Proyecto intercambio epistolar: con alumnos de los distintos colegios Corazonistas ubicados en diferentes partes del pa\u00eds y del mundo.<\/li>\n<li>Proyecto lector<\/li>\n<\/ul>\n<p>&nbsp;<\/p>\n<p><strong>BENITO NAZAR &#8211; SCHOOL OF ENGISH<\/strong><\/p>\n<p>Propuesta en horario extraescolar destinada a quienes deseen perfeccionarse en el idioma dentro de un enfoque comunicativo. Al finalizar el curso acceden a la posibilidad de rendir ex\u00e1menes internacionales que acreditar\u00e1n sus conocimientos.[\/vc_column_text][\/vc_column][vc_column width=&#8221;5\/12&#8243;][vc_single_image image=&#8221;1063&#8243; img_size=&#8221;full&#8221; style=&#8221;vc_box_border&#8221; border_color=&#8221;blue&#8221;][vc_single_image image=&#8221;1056&#8243; img_size=&#8221;full&#8221; style=&#8221;vc_box_border&#8221; border_color=&#8221;orange&#8221;][vc_single_image image=&#8221;1057&#8243; img_size=&#8221;full&#8221; style=&#8221;vc_box_border&#8221; border_color=&#8221;blue&#8221;][\/vc_column][\/vc_row][vc_row][vc_column][vc_column_text]<\/p>\n<h4>Galer\u00eda de fotos<\/h4>\n<p>[\/vc_column_text][\/vc_column][\/vc_row][vc_row][vc_column][vc_images_carousel images=&#8221;1064,1061,1062,1072&#8243; img_size=&#8221;large&#8221; hide_pagination_control=&#8221;yes&#8221;][\/vc_column][\/vc_row]<\/p>\n","protected":false},"excerpt":{"rendered":"<p>[vc_row css=&#8221;.vc_custom_1501154025747{margin-bottom: 25px !important;}&#8221;][vc_column css=&#8221;.vc_custom_1490017810346{margin-bottom: 0px !important;}&#8221;][vc_custom_heading text=&#8221;INGL\u00c9S&#8221; font_container=&#8221;tag:h1|text_align:left&#8221; use_theme_fonts=&#8221;yes&#8221; css=&#8221;.vc_custom_1625173056790{margin-top: 0px !important;margin-bottom: 20px !important;}&#8221;][vc_custom_heading text=&#8221;Proyecto&#8221; font_container=&#8221;tag:h4|text_align:left&#8221; use_theme_fonts=&#8221;yes&#8221; css=&#8221;.vc_custom_1613345196789{margin-top: 0px&nbsp;<a href=\"https:\/\/benitonazar.edu.ar\/?page_id=386\">&hellip;<\/a><\/p>\n","protected":false},"author":1,"featured_media":0,"parent":0,"menu_order":6,"comment_status":"closed","ping_status":"closed","template":"template-sidebar-right-childpages.php","meta":{"footnotes":""},"class_list":["post-386","page","type-page","status-publish","hentry","odd"],"_links":{"self":[{"href":"https:\/\/benitonazar.edu.ar\/index.php?rest_route=\/wp\/v2\/pages\/386","targetHints":{"allow":["GET"]}}],"collection":[{"href":"https:\/\/benitonazar.edu.ar\/index.php?rest_route=\/wp\/v2\/pages"}],"about":[{"href":"https:\/\/benitonazar.edu.ar\/index.php?rest_route=\/wp\/v2\/types\/page"}],"author":[{"embeddable":true,"href":"https:\/\/benitonazar.edu.ar\/index.php?rest_route=\/wp\/v2\/users\/1"}],"replies":[{"embeddable":true,"href":"https:\/\/benitonazar.edu.ar\/index.php?rest_route=%2Fwp%2Fv2%2Fcomments&post=386"}],"version-history":[{"count":9,"href":"https:\/\/benitonazar.edu.ar\/index.php?rest_route=\/wp\/v2\/pages\/386\/revisions"}],"predecessor-version":[{"id":1075,"href":"https:\/\/benitonazar.edu.ar\/index.php?rest_route=\/wp\/v2\/pages\/386\/revisions\/1075"}],"wp:attachment":[{"href":"https:\/\/benitonazar.edu.ar\/index.php?rest_route=%2Fwp%2Fv2%2Fmedia&parent=386"}],"curies":[{"name":"wp","href":"https:\/\/api.w.org\/{rel}","templated":true}]}}