{"id":300,"date":"2021-02-13T17:44:56","date_gmt":"2021-02-13T17:44:56","guid":{"rendered":"https:\/\/benitonazar.edu.ar\/?page_id=300"},"modified":"2021-04-25T20:21:49","modified_gmt":"2021-04-25T20:21:49","slug":"ideario-identidad-corazonista-2","status":"publish","type":"page","link":"https:\/\/benitonazar.edu.ar\/?page_id=300","title":{"rendered":"Ideario &#8211; Identidad corazonista"},"content":{"rendered":"<p>[vc_row css=&#8221;.vc_custom_1501154025747{margin-bottom: 25px !important;}&#8221;][vc_column css=&#8221;.vc_custom_1490017810346{margin-bottom: 0px !important;}&#8221;][vc_custom_heading text=&#8221;Identidad corazonista&#8221; font_container=&#8221;tag:h1|text_align:left&#8221; use_theme_fonts=&#8221;yes&#8221; css=&#8221;.vc_custom_1613238802036{margin-top: 0px !important;margin-bottom: 20px !important;}&#8221;][\/vc_column][\/vc_row][vc_row css=&#8221;.vc_custom_1487939485688{margin-bottom: 15px !important;}&#8221;][vc_column width=&#8221;1\/4&#8243;][vc_single_image image=&#8221;302&#8243; img_size=&#8221;full&#8221; alignment=&#8221;center&#8221; css_animation=&#8221;fadeIn&#8221; css=&#8221;.vc_custom_1613238438069{margin-bottom: 0px !important;}&#8221;][vc_empty_space][vc_single_image image=&#8221;303&#8243; img_size=&#8221;full&#8221; alignment=&#8221;center&#8221; css_animation=&#8221;fadeIn&#8221; css=&#8221;.vc_custom_1613238480785{margin-bottom: 0px !important;}&#8221;][\/vc_column][vc_column width=&#8221;3\/4&#8243; css=&#8221;.vc_custom_1613065248859{margin-bottom: 0px !important;}&#8221;][vc_custom_heading text=&#8221;Ideario&#8221; font_container=&#8221;tag:h4|text_align:left&#8221; use_theme_fonts=&#8221;yes&#8221; css=&#8221;.vc_custom_1613238835550{margin-top: 0px !important;margin-bottom: 20px !important;}&#8221;][vc_column_text css=&#8221;.vc_custom_1613238365948{padding-left: 15px !important;}&#8221;]<span style=\"font-weight: 400;\">Los Hermanos del Sagrado Coraz\u00f3n presentamos este Ideario Corazonista como fuente de animaci\u00f3n de nuestra propuesta educativo-pastoral, expresi\u00f3n de nuestro Carisma y afirmaci\u00f3n de nuestra identidad. Como Colegio Cat\u00f3lico, se asume la Doctrina espec\u00edfica de la Iglesia sobre la educaci\u00f3n cat\u00f3lica. Es un acto de fe en nuestros proyectos que nos invitan a crecer en <\/span><b>la pedagog\u00eda de la confianza<\/b><span style=\"font-weight: 400;\"> y a desplegar nuestra misi\u00f3n implic\u00e1ndonos responsablemente. Quiere reflejar as\u00ed mismo los valores que nos unen y en los que nos reconocemos como miembros de una comunidad educativa. <\/span>[\/vc_column_text][vc_column_text css=&#8221;.vc_custom_1613238376083{padding-left: 15px !important;}&#8221;]<span style=\"font-weight: 400;\">Nuestra propuesta axiol\u00f3gica encuentra en el Coraz\u00f3n de Jes\u00fas el fundamento y la plenitud. La revelaci\u00f3n de Dios como comuni\u00f3n de amor es la verdad que establece y garantiza nuestro llamado a ser comunidad y augura una unidad en nuestro colegio que como esperanza es irrenunciable. <\/span>[\/vc_column_text][vc_column_text css=&#8221;.vc_custom_1613238386429{padding-left: 15px !important;}&#8221;]<span style=\"font-weight: 400;\">Gracias a quienes nos precedieron porque al legarnos el mensaje de la educaci\u00f3n como un servicio de sabidur\u00eda, entrega y sacrificio nos recuerdan a su vez la hermosura de nuestra misi\u00f3n: decir a los ni\u00f1os y j\u00f3venes que la fraternidad es posible, que el mensaje evang\u00e9lico es verdad y vida; que Dios camina con nosotros, hoy, aqu\u00ed, ahora y para siempre.<\/span>[\/vc_column_text][\/vc_column][\/vc_row][vc_row css=&#8221;.vc_custom_1487939485688{margin-bottom: 15px !important;}&#8221;][vc_column width=&#8221;1\/4&#8243;][vc_empty_space][\/vc_column][vc_column width=&#8221;3\/4&#8243; css=&#8221;.vc_custom_1613065248859{margin-bottom: 0px !important;}&#8221;][vc_custom_heading text=&#8221;Pedagog\u00eda de la Confianza&#8221; font_container=&#8221;tag:h4|text_align:left&#8221; use_theme_fonts=&#8221;yes&#8221; css=&#8221;.vc_custom_1613238932101{margin-top: 0px !important;margin-bottom: 20px !important;}&#8221;][vc_column_text css=&#8221;.vc_custom_1613239141233{padding-left: 15px !important;}&#8221;]<span style=\"font-weight: 400;\">Nuestro estilo educativo se basa una <\/span><b>\u201cpedagog\u00eda de la confianza\u201d<\/b><span style=\"font-weight: 400;\">. Pues si Dios conf\u00eda en nosotros, nosotros debemos tener esa misma actitud de su Coraz\u00f3n hacia los ni\u00f1os y j\u00f3venes que nos son encomendados.<\/span><\/p>\n<p><span style=\"font-weight: 400;\">Por ello damos mucha importancia a la <\/span><b>\u201cformaci\u00f3n moral y religiosa\u201d<\/b><span style=\"font-weight: 400;\">, que permite a la persona ser consciente de la importancia de su propia vida y decisiones. Implica una educaci\u00f3n en la responsabilidad.<\/span><\/p>\n<p><span style=\"font-weight: 400;\">Queremos que en la escuela se viva un <\/span><b>\u201cclima de comprensi\u00f3n y entrega\u201d<\/b><span style=\"font-weight: 400;\">, gracias al cual los ni\u00f1os y j\u00f3venes se sienten a gusto en el colegio porque descubren que all\u00ed hay personas que los quieren y cuidan de ellos.<\/span><\/p>\n<p><span style=\"font-weight: 400;\">De este modo despertamos en los j\u00f3venes un <\/span><b>\u201csentido de comunidad\u201d<\/b><span style=\"font-weight: 400;\">, hacia su propio colegio como hacia la sociedad en su conjunto, y un <\/span><b>\u201cdeseo de compromiso\u201d<\/b><span style=\"font-weight: 400;\">, porque el otro no es un extra\u00f1o, sino un hermano que Dios pone en mi camino.<\/span><\/p>\n<p><i><span style=\"font-weight: 400;\">Una pedagog\u00eda de la confianza se sustenta en la convicci\u00f3n de la bondad que encierra el coraz\u00f3n humano y en la capacidad de \u00e9ste para abrirse a dar y recibir amor. Nuestra acci\u00f3n nace de la confianza y la tiene siempre a ella como criterio de discernimiento, incluso cuando debemos poner l\u00edmites y proponer cambios personales y grupales. <\/span><\/i><span style=\"font-weight: 400;\">\u00a0Ideario educativo, Art. 54<\/span><\/p>\n<p><i><span style=\"font-weight: 400;\">Compartimos con los profesores seglares la responsabilidad de la formaci\u00f3n moral y religiosa de los alumnos. Creamos un clima de comprensi\u00f3n y de entrega que despierta en los j\u00f3venes el sentido comunitario y el deseo de compromiso<\/span><\/i><span style=\"font-weight: 400;\">. Regla de vida: Art. 157<\/span>[\/vc_column_text][\/vc_column][\/vc_row][vc_row css=&#8221;.vc_custom_1487939485688{margin-bottom: 15px !important;}&#8221;][vc_column width=&#8221;1\/4&#8243;][vc_empty_space][\/vc_column][vc_column width=&#8221;3\/4&#8243; css=&#8221;.vc_custom_1613065248859{margin-bottom: 0px !important;}&#8221;][vc_custom_heading text=&#8221;Hermanos del Sagrado Coraz\u00f3n&#8221; font_container=&#8221;tag:h4|text_align:left&#8221; use_theme_fonts=&#8221;yes&#8221; css=&#8221;.vc_custom_1613239067396{margin-top: 0px !important;margin-bottom: 20px !important;}&#8221;][vc_column_text css=&#8221;.vc_custom_1613240087296{padding-left: 15px !important;}&#8221;]<span style=\"font-weight: 400;\">El Instituto de Hermanos del Sagrado Coraz\u00f3n es una comunidad religiosa de la Iglesia cat\u00f3lica presente en la Rep\u00fablica Argentina desde el a\u00f1o 1930.<\/span><\/p>\n<p><span style=\"font-weight: 400;\">A comienzos del siglo XIX Francia era un pa\u00eds profundamente herido. A la violencia interna que supuso la Revoluci\u00f3n Francesa se sumaron las guerras con toda Europa de las posteriores campa\u00f1as napole\u00f3nicas. La Iglesia hab\u00eda sido combatida duramente durante la Revoluci\u00f3n, por su v\u00ednculo con la monarqu\u00eda y el culto p\u00fablico lleg\u00f3 a estar prohibido. La escasa educaci\u00f3n que se brindaba estaba en manos de preceptores privados para las clases altas, de algunas pocas congregaciones religiosas en las ciudades m\u00e1s pudientes y de maestros municipales sin preparaci\u00f3n.<\/span><\/p>\n<p><span style=\"font-weight: 400;\">En este contexto el Padre Andr\u00e9s Coindre fund\u00f3 el 30 de septiembre de 1821 en Lyon, la comunidad de Hermanos del Sagrado Coraz\u00f3n para atender a los ni\u00f1os y j\u00f3venes m\u00e1s excluidos de su tiempo. Gracias a su sucesor, el Venerable Hermano Policarpo, la comunidad pudo continuar creciendo y expandirse m\u00e1s all\u00e1 de Francia.<\/span><\/p>\n<p><span style=\"font-weight: 400;\">Los Hermanos Corazonistas somos personas que hemos descubierto el amor de Dios en nuestras vidas y queremos vivirlo intensamente y difundirlo a nuestro alrededor, por eso afirmamos que:<\/span><\/p>\n<p><span style=\"font-weight: 400;\">Formar parte del Instituto hoy es creer en el amor de Dios, vivir de \u00e9l y difundirlo:\u00a0 es, en cuanto religiosos educadores, contribuir a la evangelizaci\u00f3n, principalmente por la educaci\u00f3n de los ni\u00f1os y j\u00f3venes. (Regla de Vida de los Hermanos del Sagrado Coraz\u00f3n, Art. n\u00ba 13)<\/span><\/p>\n<p><span style=\"font-weight: 400;\">Los Hermanos del Sagrado Coraz\u00f3n sustentan y dan testimonio del carisma corazonista que intenta construir el Reino desde la contemplaci\u00f3n del Sagrado Coraz\u00f3n, signo del amor divino.<\/span><span style=\"font-weight: 400;\">Hoy el Instituto est\u00e1 presente en unas 170 comunidades en m\u00e1s de 30 pa\u00edses de los cinco continentes. En todos ellos colaboramos estrechamente con miles de educadores laicos construyendo un estilo educativo en la l\u00ednea de nuestros Fundadores.<\/span><\/p>\n<p><span style=\"font-weight: 400;\">Hoy el Instituto est\u00e1 presente en unas 170 comunidades en m\u00e1s de 30 pa\u00edses de los cinco continentes. En todos ellos colaboramos estrechamente con miles de educadores laicos construyendo un estilo educativo en la l\u00ednea de nuestros Fundadores.<\/span><\/p>\n<p>&nbsp;<\/p>\n<p><strong>Padre Andr\u00e9s Coindre<\/strong><span style=\"font-weight: 400;\"><br \/>\n<\/span><\/p>\n<p><span style=\"font-weight: 400;\">Andr\u00e9s Coindre naci\u00f3 en la ciudad de Lyon, en Francia, en 1787, en el seno de una familia de comerciantes. Sus primeros a\u00f1os de instrucci\u00f3n religiosa los realiz\u00f3 en la clandestinidad, ya que el gobierno hab\u00eda prohibido el culto cat\u00f3lico. Ingres\u00f3 luego en el seminario y fue ordenado a los 25 a\u00f1os.<\/span><span style=\"font-weight: 400;\"><br \/>\n<\/span><\/p>\n<p><span style=\"font-weight: 400;\">Como sacerdote se destac\u00f3 por sus dones de predicador y por su vocaci\u00f3n misionera en los peque\u00f1os pueblos sin asistencia religiosa. En sus tareas como sacerdote pudo observar la precaria realidad de los ni\u00f1os y j\u00f3venes, tanto en la ciudad como en el campo, y sinti\u00f3 el llamado concreto de Dios a atenderlos con el mismo amor que el Coraz\u00f3n de Jes\u00fas.<\/span><span style=\"font-weight: 400;\"><br \/>\n<\/span><\/p>\n<p><span style=\"font-weight: 400;\">Por eso Dios le concedi\u00f3 el don de ser Fundador de comunidades religiosas dedicadas a la evangelizaci\u00f3n de ni\u00f1os y j\u00f3venes a trav\u00e9s de la educaci\u00f3n: en 1817 las Hermanas de Jes\u00fas-Mar\u00eda junto a Santa Claudina Thevenet y en 1821 los Hermanos del Sagrado Coraz\u00f3n.<\/span><span style=\"font-weight: 400;\"><br \/>\n<\/span><\/p>\n<p><span style=\"font-weight: 400;\">Falleci\u00f3 en 1826 a los 39 a\u00f1os de edad, tras haber desplegado una asombrosa acci\u00f3n pastoral para una vida tan prontamente interrumpida.<\/span><\/p>\n<p>&nbsp;<\/p>\n<p><strong>Venerable Hermano Policarpo<\/strong><\/p>\n<p><span style=\"font-weight: 400;\">Juan Hip\u00f3lito Gondre naci\u00f3 en la aldea de La Motte, en Francia, en 1801. Vivi\u00f3 su infancia ayudando a su padre en las tareas del campo y estudiando s\u00f3lo cuando \u00e9stas se lo permit\u00edan. Aun as\u00ed logro obtener el t\u00edtulo b\u00e1sico de maestro a los 21 a\u00f1os.<\/span><\/p>\n<p><span style=\"font-weight: 400;\">A pesar de su satisfacci\u00f3n con el trabajo de Maestro no se sent\u00eda plenamente feliz: deseaba entregarse por entero a Dios. Por eso en 1826 ingres\u00f3 a la comunidad de los Hermanos del Sagrado Coraz\u00f3n fundada en 1821 por el Padre Andr\u00e9s Coindre en Lyon. As\u00ed su vocaci\u00f3n de educador se hac\u00eda m\u00e1s plena con la consagraci\u00f3n religiosa. Tom\u00f3 el nombre de Hermano Policarpo.<\/span><\/p>\n<p><span style=\"font-weight: 400;\">En 1841 fue elegido Superior general, cargo que desempe\u00f1\u00f3 hasta su muerte en 1859. Durante esos a\u00f1os logr\u00f3 salvar al Instituto de una grave crisis y hacerlo crecer y expandirse incluso fuera de Francia. Por eso se lo nombr\u00f3 \u201cSegundo Fundador\u201d de la comunidad.<\/span><span style=\"font-weight: 400;\"><br \/>\n<\/span><\/p>\n<p><span style=\"font-weight: 400;\">En 1984 el Papa Juan Pablo II constat\u00f3 que hab\u00eda vivido \u201cheroicamente\u201d todas las virtudes propias de un cristiano y le declar\u00f3 \u201cVenerable\u201d, paso previo a la beatificaci\u00f3n y canonizaci\u00f3n.<\/span>[\/vc_column_text][\/vc_column][\/vc_row]<\/p>\n","protected":false},"excerpt":{"rendered":"<p>[vc_row css=&#8221;.vc_custom_1501154025747{margin-bottom: 25px !important;}&#8221;][vc_column css=&#8221;.vc_custom_1490017810346{margin-bottom: 0px !important;}&#8221;][vc_custom_heading text=&#8221;Identidad corazonista&#8221; font_container=&#8221;tag:h1|text_align:left&#8221; use_theme_fonts=&#8221;yes&#8221; css=&#8221;.vc_custom_1613238802036{margin-top: 0px !important;margin-bottom: 20px !important;}&#8221;][\/vc_column][\/vc_row][vc_row css=&#8221;.vc_custom_1487939485688{margin-bottom: 15px !important;}&#8221;][vc_column width=&#8221;1\/4&#8243;][vc_single_image&nbsp;<a href=\"https:\/\/benitonazar.edu.ar\/?page_id=300\">&hellip;<\/a><\/p>\n","protected":false},"author":1,"featured_media":0,"parent":0,"menu_order":6,"comment_status":"closed","ping_status":"closed","template":"template-sidebar-right-childpages.php","meta":{"footnotes":""},"class_list":["post-300","page","type-page","status-publish","hentry","odd"],"_links":{"self":[{"href":"https:\/\/benitonazar.edu.ar\/index.php?rest_route=\/wp\/v2\/pages\/300","targetHints":{"allow":["GET"]}}],"collection":[{"href":"https:\/\/benitonazar.edu.ar\/index.php?rest_route=\/wp\/v2\/pages"}],"about":[{"href":"https:\/\/benitonazar.edu.ar\/index.php?rest_route=\/wp\/v2\/types\/page"}],"author":[{"embeddable":true,"href":"https:\/\/benitonazar.edu.ar\/index.php?rest_route=\/wp\/v2\/users\/1"}],"replies":[{"embeddable":true,"href":"https:\/\/benitonazar.edu.ar\/index.php?rest_route=%2Fwp%2Fv2%2Fcomments&post=300"}],"version-history":[{"count":5,"href":"https:\/\/benitonazar.edu.ar\/index.php?rest_route=\/wp\/v2\/pages\/300\/revisions"}],"predecessor-version":[{"id":631,"href":"https:\/\/benitonazar.edu.ar\/index.php?rest_route=\/wp\/v2\/pages\/300\/revisions\/631"}],"wp:attachment":[{"href":"https:\/\/benitonazar.edu.ar\/index.php?rest_route=%2Fwp%2Fv2%2Fmedia&parent=300"}],"curies":[{"name":"wp","href":"https:\/\/api.w.org\/{rel}","templated":true}]}}

<p>[vc_row css=&#8221;.vc_custom_1501154025747{margin-bottom: 25px !important;}&#8221;][vc_column css=&#8221;.vc_custom_1490017810346{margin-bottom: 0px !important;}&#8221;][vc_custom_heading text=&#8221;Identidad corazonista&#8221; font_container=&#8221;tag:h1|text_align:left&#8221; use_theme_fonts=&#8221;yes&#8221; css=&#8221;.vc_custom_1613238802036{margin-top: 0px !important;margin-bottom: 20px !important;}&#8221;][/vc_column][/vc_row][vc_row css=&#8221;.vc_custom_1487939485688{margin-bottom: 15px !important;}&#8221;][vc_column width=&#8221;1/4&#8243;][vc_single_image image=&#8221;302&#8243; img_size=&#8221;full&#8221; alignment=&#8221;center&#8221; css_animation=&#8221;fadeIn&#8221; css=&#8221;.vc_custom_1613238438069{margin-bottom: 0px !important;}&#8221;][vc_empty_space][vc_single_image image=&#8221;303&#8243; img_size=&#8221;full&#8221; alignment=&#8221;center&#8221; css_animation=&#8221;fadeIn&#8221; css=&#8221;.vc_custom_1613238480785{margin-bottom: 0px !important;}&#8221;][/vc_column][vc_column width=&#8221;3/4&#8243; css=&#8221;.vc_custom_1613065248859{margin-bottom: 0px !important;}&#8221;][vc_custom_heading text=&#8221;Ideario&#8221; font_container=&#8221;tag:h4|text_align:left&#8221; use_theme_fonts=&#8221;yes&#8221; css=&#8221;.vc_custom_1613238835550{margin-top: 0px !important;margin-bottom: 20px !important;}&#8221;][vc_column_text css=&#8221;.vc_custom_1613238365948{padding-left: 15px !important;}&#8221;]<span style="font-weight: 400;">Los Hermanos del Sagrado Corazón presentamos este Ideario Corazonista como fuente de animación de nuestra propuesta educativo-pastoral, expresión de nuestro Carisma y afirmación de nuestra identidad. Como Colegio Católico, se asume la Doctrina específica de la Iglesia sobre la educación católica. Es un acto de fe en nuestros proyectos que nos invitan a crecer en </span><b>la pedagogía de la confianza</b><span style="font-weight: 400;"> y a desplegar nuestra misión implicándonos responsablemente. Quiere reflejar así mismo los valores que nos unen y en los que nos reconocemos como miembros de una comunidad educativa. </span>[/vc_column_text][vc_column_text css=&#8221;.vc_custom_1613238376083{padding-left: 15px !important;}&#8221;]<span style="font-weight: 400;">Nuestra propuesta axiológica encuentra en el Corazón de Jesús el fundamento y la plenitud. La revelación de Dios como comunión de amor es la verdad que establece y garantiza nuestro llamado a ser comunidad y augura una unidad en nuestro colegio que como esperanza es irrenunciable. </span>[/vc_column_text][vc_column_text css=&#8221;.vc_custom_1613238386429{padding-left: 15px !important;}&#8221;]<span style="font-weight: 400;">Gracias a quienes nos precedieron porque al legarnos el mensaje de la educación como un servicio de sabiduría, entrega y sacrificio nos recuerdan a su vez la hermosura de nuestra misión: decir a los niños y jóvenes que la fraternidad es posible, que el mensaje evangélico es verdad y vida; que Dios camina con nosotros, hoy, aquí, ahora y para siempre.</span>[/vc_column_text][/vc_column][/vc_row][vc_row css=&#8221;.vc_custom_1487939485688{margin-bottom: 15px !important;}&#8221;][vc_column width=&#8221;1/4&#8243;][vc_empty_space][/vc_column][vc_column width=&#8221;3/4&#8243; css=&#8221;.vc_custom_1613065248859{margin-bottom: 0px !important;}&#8221;][vc_custom_heading text=&#8221;Pedagogía de la Confianza&#8221; font_container=&#8221;tag:h4|text_align:left&#8221; use_theme_fonts=&#8221;yes&#8221; css=&#8221;.vc_custom_1613238932101{margin-top: 0px !important;margin-bottom: 20px !important;}&#8221;][vc_column_text css=&#8221;.vc_custom_1613239141233{padding-left: 15px !important;}&#8221;]<span style="font-weight: 400;">Nuestro estilo educativo se basa una </span><b>“pedagogía de la confianza”</b><span style="font-weight: 400;">. Pues si Dios confía en nosotros, nosotros debemos tener esa misma actitud de su Corazón hacia los niños y jóvenes que nos son encomendados.</span></p>
<p><span style="font-weight: 400;">Por ello damos mucha importancia a la </span><b>“formación moral y religiosa”</b><span style="font-weight: 400;">, que permite a la persona ser consciente de la importancia de su propia vida y decisiones. Implica una educación en la responsabilidad.</span></p>
<p><span style="font-weight: 400;">Queremos que en la escuela se viva un </span><b>“clima de comprensión y entrega”</b><span style="font-weight: 400;">, gracias al cual los niños y jóvenes se sienten a gusto en el colegio porque descubren que allí hay personas que los quieren y cuidan de ellos.</span></p>
<p><span style="font-weight: 400;">De este modo despertamos en los jóvenes un </span><b>“sentido de comunidad”</b><span style="font-weight: 400;">, hacia su propio colegio como hacia la sociedad en su conjunto, y un </span><b>“deseo de compromiso”</b><span style="font-weight: 400;">, porque el otro no es un extraño, sino un hermano que Dios pone en mi camino.</span></p>
<p><i><span style="font-weight: 400;">Una pedagogía de la confianza se sustenta en la convicción de la bondad que encierra el corazón humano y en la capacidad de éste para abrirse a dar y recibir amor. Nuestra acción nace de la confianza y la tiene siempre a ella como criterio de discernimiento, incluso cuando debemos poner límites y proponer cambios personales y grupales. </span></i><span style="font-weight: 400;"> Ideario educativo, Art. 54</span></p>
<p><i><span style="font-weight: 400;">Compartimos con los profesores seglares la responsabilidad de la formación moral y religiosa de los alumnos. Creamos un clima de comprensión y de entrega que despierta en los jóvenes el sentido comunitario y el deseo de compromiso</span></i><span style="font-weight: 400;">. Regla de vida: Art. 157</span>[/vc_column_text][/vc_column][/vc_row][vc_row css=&#8221;.vc_custom_1487939485688{margin-bottom: 15px !important;}&#8221;][vc_column width=&#8221;1/4&#8243;][vc_empty_space][/vc_column][vc_column width=&#8221;3/4&#8243; css=&#8221;.vc_custom_1613065248859{margin-bottom: 0px !important;}&#8221;][vc_custom_heading text=&#8221;Hermanos del Sagrado Corazón&#8221; font_container=&#8221;tag:h4|text_align:left&#8221; use_theme_fonts=&#8221;yes&#8221; css=&#8221;.vc_custom_1613239067396{margin-top: 0px !important;margin-bottom: 20px !important;}&#8221;][vc_column_text css=&#8221;.vc_custom_1613240087296{padding-left: 15px !important;}&#8221;]<span style="font-weight: 400;">El Instituto de Hermanos del Sagrado Corazón es una comunidad religiosa de la Iglesia católica presente en la República Argentina desde el año 1930.</span></p>
<p><span style="font-weight: 400;">A comienzos del siglo XIX Francia era un país profundamente herido. A la violencia interna que supuso la Revolución Francesa se sumaron las guerras con toda Europa de las posteriores campañas napoleónicas. La Iglesia había sido combatida duramente durante la Revolución, por su vínculo con la monarquía y el culto público llegó a estar prohibido. La escasa educación que se brindaba estaba en manos de preceptores privados para las clases altas, de algunas pocas congregaciones religiosas en las ciudades más pudientes y de maestros municipales sin preparación.</span></p>
<p><span style="font-weight: 400;">En este contexto el Padre Andrés Coindre fundó el 30 de septiembre de 1821 en Lyon, la comunidad de Hermanos del Sagrado Corazón para atender a los niños y jóvenes más excluidos de su tiempo. Gracias a su sucesor, el Venerable Hermano Policarpo, la comunidad pudo continuar creciendo y expandirse más allá de Francia.</span></p>
<p><span style="font-weight: 400;">Los Hermanos Corazonistas somos personas que hemos descubierto el amor de Dios en nuestras vidas y queremos vivirlo intensamente y difundirlo a nuestro alrededor, por eso afirmamos que:</span></p>
<p><span style="font-weight: 400;">Formar parte del Instituto hoy es creer en el amor de Dios, vivir de él y difundirlo:  es, en cuanto religiosos educadores, contribuir a la evangelización, principalmente por la educación de los niños y jóvenes. (Regla de Vida de los Hermanos del Sagrado Corazón, Art. nº 13)</span></p>
<p><span style="font-weight: 400;">Los Hermanos del Sagrado Corazón sustentan y dan testimonio del carisma corazonista que intenta construir el Reino desde la contemplación del Sagrado Corazón, signo del amor divino.</span><span style="font-weight: 400;">Hoy el Instituto está presente en unas 170 comunidades en más de 30 países de los cinco continentes. En todos ellos colaboramos estrechamente con miles de educadores laicos construyendo un estilo educativo en la línea de nuestros Fundadores.</span></p>
<p><span style="font-weight: 400;">Hoy el Instituto está presente en unas 170 comunidades en más de 30 países de los cinco continentes. En todos ellos colaboramos estrechamente con miles de educadores laicos construyendo un estilo educativo en la línea de nuestros Fundadores.</span></p>
<p>&nbsp;</p>
<p><strong>Padre Andrés Coindre</strong><span style="font-weight: 400;"><br />
</span></p>
<p><span style="font-weight: 400;">Andrés Coindre nació en la ciudad de Lyon, en Francia, en 1787, en el seno de una familia de comerciantes. Sus primeros años de instrucción religiosa los realizó en la clandestinidad, ya que el gobierno había prohibido el culto católico. Ingresó luego en el seminario y fue ordenado a los 25 años.</span><span style="font-weight: 400;"><br />
</span></p>
<p><span style="font-weight: 400;">Como sacerdote se destacó por sus dones de predicador y por su vocación misionera en los pequeños pueblos sin asistencia religiosa. En sus tareas como sacerdote pudo observar la precaria realidad de los niños y jóvenes, tanto en la ciudad como en el campo, y sintió el llamado concreto de Dios a atenderlos con el mismo amor que el Corazón de Jesús.</span><span style="font-weight: 400;"><br />
</span></p>
<p><span style="font-weight: 400;">Por eso Dios le concedió el don de ser Fundador de comunidades religiosas dedicadas a la evangelización de niños y jóvenes a través de la educación: en 1817 las Hermanas de Jesús-María junto a Santa Claudina Thevenet y en 1821 los Hermanos del Sagrado Corazón.</span><span style="font-weight: 400;"><br />
</span></p>
<p><span style="font-weight: 400;">Falleció en 1826 a los 39 años de edad, tras haber desplegado una asombrosa acción pastoral para una vida tan prontamente interrumpida.</span></p>
<p>&nbsp;</p>
<p><strong>Venerable Hermano Policarpo</strong></p>
<p><span style="font-weight: 400;">Juan Hipólito Gondre nació en la aldea de La Motte, en Francia, en 1801. Vivió su infancia ayudando a su padre en las tareas del campo y estudiando sólo cuando éstas se lo permitían. Aun así logro obtener el título básico de maestro a los 21 años.</span></p>
<p><span style="font-weight: 400;">A pesar de su satisfacción con el trabajo de Maestro no se sentía plenamente feliz: deseaba entregarse por entero a Dios. Por eso en 1826 ingresó a la comunidad de los Hermanos del Sagrado Corazón fundada en 1821 por el Padre Andrés Coindre en Lyon. Así su vocación de educador se hacía más plena con la consagración religiosa. Tomó el nombre de Hermano Policarpo.</span></p>
<p><span style="font-weight: 400;">En 1841 fue elegido Superior general, cargo que desempeñó hasta su muerte en 1859. Durante esos años logró salvar al Instituto de una grave crisis y hacerlo crecer y expandirse incluso fuera de Francia. Por eso se lo nombró “Segundo Fundador” de la comunidad.</span><span style="font-weight: 400;"><br />
</span></p>
<p><span style="font-weight: 400;">En 1984 el Papa Juan Pablo II constató que había vivido “heroicamente” todas las virtudes propias de un cristiano y le declaró “Venerable”, paso previo a la beatificación y canonización.</span>[/vc_column_text][/vc_column][/vc_row]</p>
