{"id":1095,"date":"2025-07-02T18:45:45","date_gmt":"2025-07-02T21:45:45","guid":{"rendered":"https:\/\/benitonazar.edu.ar\/?page_id=1095"},"modified":"2025-07-23T12:25:03","modified_gmt":"2025-07-23T15:25:03","slug":"inscripcion-primaria","status":"publish","type":"page","link":"https:\/\/benitonazar.edu.ar\/?page_id=1095","title":{"rendered":"Inscripci\u00f3n Primaria"},"content":{"rendered":"<p>[vc_row css=&#8221;.vc_custom_1487250199380{margin-bottom: 35px !important;}&#8221;][vc_column css=&#8221;.vc_custom_1490018662966{margin-bottom: 0px !important;}&#8221;][vc_custom_heading text=&#8221;Inscripciones Nivel Primario&#8221; font_container=&#8221;tag:h1|text_align:left&#8221; use_theme_fonts=&#8221;yes&#8221; css=&#8221;.vc_custom_1751492612028{margin-top: 0px !important;margin-bottom: 20px !important;}&#8221;][vc_custom_heading text=&#8221;Proceso de admisi\u00f3n:&#8221; font_container=&#8221;tag:h4|text_align:left&#8221; use_theme_fonts=&#8221;yes&#8221;][\/vc_column][\/vc_row][vc_row][vc_column css=&#8221;.vc_custom_1751492165957{margin-bottom: 0px !important;}&#8221;][vc_column_text css=&#8221;.vc_custom_1753284296658{padding-right: 20px !important;}&#8221;]<strong>Ingresantes a primer grado:<\/strong><\/p>\n<ul>\n<li>Deben tener los 6 a\u00f1os cumplidos al 30 de junio.<\/li>\n<li>Presentar el informe de Sala de 5 a\u00f1os.<\/li>\n<li>Completar el <span style=\"color: #0000ff;\"><a style=\"color: #0000ff;\" href=\"https:\/\/forms.gle\/x3FDbP79xymqkwEs7\">siguiente formulario de inscripci\u00f3n<\/a>.<\/span><\/li>\n<li>Recibir\u00e1n un mail del colegio desde el correo <strong>inscripciones-primaria@benitonazar.edu.ar<\/strong> confirmando la recepci\u00f3n del formulario.<\/li>\n<li>Primera instancia: reuni\u00f3n informativa sobre el nivel con el equipo directivo.<\/li>\n<li>Segunda instancia: El ingresante deber\u00e1 realizar una entrevista con el Equipo de Orientaci\u00f3n Escolar.<\/li>\n<li>Entrega de documentaci\u00f3n personal.<\/li>\n<\/ul>\n<p><strong>Ingresantes de 2\u00ba a 7\u00ba grado:<\/strong><\/p>\n<ul>\n<li>Completar el <span style=\"color: #0000ff;\"><a style=\"color: #0000ff;\" href=\"https:\/\/forms.gle\/x3FDbP79xymqkwEs7\">siguiente formulario de inscripci\u00f3n<\/a>.<\/span><\/li>\n<li>Primera instancia: Reuni\u00f3n informativa con el equipo directivo.<\/li>\n<li>Segunda instancia: Entrevista con la familia en presencia del ingresante presentando carpetas o cuadernos del a\u00f1o en curso, fotocopia del bolet\u00edn e informe (por el docente) del ingresante.<\/li>\n<li>El ingresante rendir\u00e1 un examen de Matem\u00e1tica, Lengua e Ingl\u00e9s en fecha a confirmar.<\/li>\n<\/ul>\n<p>[\/vc_column_text][\/vc_column][\/vc_row]<\/p>\n","protected":false},"excerpt":{"rendered":"<p>[vc_row css=&#8221;.vc_custom_1487250199380{margin-bottom: 35px !important;}&#8221;][vc_column css=&#8221;.vc_custom_1490018662966{margin-bottom: 0px !important;}&#8221;][vc_custom_heading text=&#8221;Inscripciones Nivel Primario&#8221; font_container=&#8221;tag:h1|text_align:left&#8221; use_theme_fonts=&#8221;yes&#8221; css=&#8221;.vc_custom_1751492612028{margin-top: 0px !important;margin-bottom: 20px !important;}&#8221;][vc_custom_heading text=&#8221;Proceso de admisi\u00f3n:&#8221;&nbsp;<a href=\"https:\/\/benitonazar.edu.ar\/?page_id=1095\">&hellip;<\/a><\/p>\n","protected":false},"author":1,"featured_media":0,"parent":0,"menu_order":1,"comment_status":"closed","ping_status":"closed","template":"template-sidebar-right-childpages.php","meta":{"footnotes":""},"class_list":["post-1095","page","type-page","status-publish","hentry","odd"],"_links":{"self":[{"href":"https:\/\/benitonazar.edu.ar\/index.php?rest_route=\/wp\/v2\/pages\/1095","targetHints":{"allow":["GET"]}}],"collection":[{"href":"https:\/\/benitonazar.edu.ar\/index.php?rest_route=\/wp\/v2\/pages"}],"about":[{"href":"https:\/\/benitonazar.edu.ar\/index.php?rest_route=\/wp\/v2\/types\/page"}],"author":[{"embeddable":true,"href":"https:\/\/benitonazar.edu.ar\/index.php?rest_route=\/wp\/v2\/users\/1"}],"replies":[{"embeddable":true,"href":"https:\/\/benitonazar.edu.ar\/index.php?rest_route=%2Fwp%2Fv2%2Fcomments&post=1095"}],"version-history":[{"count":6,"href":"https:\/\/benitonazar.edu.ar\/index.php?rest_route=\/wp\/v2\/pages\/1095\/revisions"}],"predecessor-version":[{"id":1113,"href":"https:\/\/benitonazar.edu.ar\/index.php?rest_route=\/wp\/v2\/pages\/1095\/revisions\/1113"}],"wp:attachment":[{"href":"https:\/\/benitonazar.edu.ar\/index.php?rest_route=%2Fwp%2Fv2%2Fmedia&parent=1095"}],"curies":[{"name":"wp","href":"https:\/\/api.w.org\/{rel}","templated":true}]}}